{"id":2196,"date":"2021-01-01T00:00:00","date_gmt":"2020-12-31T23:00:00","guid":{"rendered":"http:\/\/a4-s5-stesr.pl\/?page_id=2196"},"modified":"2021-09-07T12:49:39","modified_gmt":"2021-09-07T10:49:39","slug":"klauzula-rodo","status":"publish","type":"page","link":"http:\/\/dk28nowysacz-ropa.pl\/index.php\/klauzula-rodo\/","title":{"rendered":"3 Klauzula RODO"},"content":{"rendered":"\n<h2 class=\"wp-block-heading\">Klauzula RODO<\/h2>\n\n\n\n<p><em>Administratorem Pani\/Pana danych osobowych jest Generalny Dyrektor Dr\u00f3g Krajowych i&nbsp;Autostrad&nbsp; o&nbsp;danych kontaktowych:<\/em><\/p>\n\n\n\n<ul class=\"wp-block-list\"><li><em>Adres do&nbsp;korespondencji: ul Wronia 53, 00-874 Warszawa;<\/em><\/li><li><em>Tel.: 22 375 88 88;<\/em><\/li><li><em>E-mail:&nbsp;<\/em><a href=\"mailto:kancelaria@gddkia.gov.pl\"><em>kancelaria@gddkia.gov.pl<\/em><\/a><\/li><\/ul>\n\n\n\n<p><em>W&nbsp;sprawach zwi\u0105zanych z&nbsp;przetwarzaniem danych osobowych, mo\u017cna kontaktowa\u0107 si\u0119 z&nbsp;Inspektorem Ochrony Danych, za&nbsp;po\u015brednictwem adresu e-mail:&nbsp;<\/em><a href=\"mailto:iod@gddkia.gov.pl\"><em>iod@gddkia.gov.pl<\/em><\/a><\/p>\n\n\n\n<p><em>Dane osobowe b\u0119d\u0105 przetwarzane w&nbsp;celu zebrania danych niezb\u0119dnych do&nbsp;opracowania Studium Techniczno-Ekonomiczno-\u015arodowiskowego z&nbsp;elementami Koncepcji Programowej i&nbsp;Programem Funkcjonalno-U\u017cytkowym wraz z&nbsp;uzyskaniem decyzji o&nbsp;\u015brodowiskowych uwarunkowaniach dla zadania pod&nbsp;nazw\u0105 \u201eBudowa\/rozbudowa autostrady A4 Krzy\u017cowa (bez&nbsp;w\u0119z\u0142a) \u2013 Legnica Po\u0142udnie (bez&nbsp;w\u0119z\u0142a)\u201d<\/em><\/p>\n\n\n\n<p><em>Podstaw\u0119 prawn\u0105 przetwarzania danych osobowych stanowi ustawa z&nbsp;dnia 6 wrze\u015bnia 2001 r. o&nbsp;dost\u0119pie do&nbsp;informacji publicznej (Dz.U. z&nbsp;2016 r. poz. 1764 z&nbsp;p\u00f3\u017an. zm.), ustawa z&nbsp;dnia 14 czerwca 1960 r. Kodeks post\u0119powania administracyjnego (Dz.&nbsp;U. z&nbsp;2017 r. poz. 1257 z&nbsp;p\u00f3\u017an. zm.), ustawa z&nbsp;dnia 14 lipca 1983 r. o&nbsp;narodowym zasobie archiwalnym i&nbsp;archiwach (Dz.U. z&nbsp;2018 r. poz. 217 z&nbsp;p\u00f3\u017an. zm.) oraz&nbsp;art. 6 ust. 1 lit. c rozporz\u0105dzenia Parlamentu Europejskiego i&nbsp;Rady (UE) 2016\/679 z&nbsp;dnia 27 kwietnia 2016 r. w&nbsp;sprawie ochrony os\u00f3b fizycznych w&nbsp;zwi\u0105zku z&nbsp;przetwarzaniem danych osobowych i&nbsp;w&nbsp;sprawie swobodnego przep\u0142ywu takich danych oraz&nbsp;uchylenia dyrektywy 95\/46\/WE.<\/em><\/p>\n\n\n\n<p><em>Dane osobowe mog\u0105 by\u0107 ujawnione tylko&nbsp;podmiotom przetwarzaj\u0105cym dane na&nbsp;podstawie zawartych umowy na&nbsp;opracowanie Studium Techniczno-Ekonomiczno-\u015arodowiskowego z&nbsp;elementami Koncepcji Programowej i&nbsp;Programem Funkcjonalno-U\u017cytkowym wraz z&nbsp;uzyskaniem decyzji o&nbsp;\u015brodowiskowych uwarunkowaniach dla zadania pod&nbsp;nazw\u0105 \u201eBudowa\/rozbudowa autostrady A4 Krzy\u017cowa (bez&nbsp;w\u0119z\u0142a) \u2013 Legnica Po\u0142udnie (bez&nbsp;w\u0119z\u0142a)\u201d<\/em><\/p>\n\n\n\n<p><em>Dane osobowe b\u0119d\u0105 przechowywane przez&nbsp;okres rozpatrywania sprawy oraz&nbsp;przez&nbsp;okres przewidzianej prawem archiwizacji akt sprawy.<\/em><\/p>\n\n\n\n<p><em>Osobie, kt\u00f3rej&nbsp;dotycz\u0105 dane osobowe, przys\u0142uguje:<\/em><\/p>\n\n\n\n<ul class=\"wp-block-list\"><li><em>Prawo dost\u0119pu do&nbsp;danych, ich sprostowania, usuni\u0119cia lub ograniczenia przetwarzania, na&nbsp;warunkach okre\u015blonych w&nbsp;rozporz\u0105dzeniu Parlamentu Europejskiego i&nbsp;Rady (UE) 2016\/679, z&nbsp;dnia 27 kwietnia 2016 r. w&nbsp;sprawie ochrony os\u00f3b fizycznych w&nbsp;zwi\u0105zku z&nbsp;przetwarzaniem danych osobowych i&nbsp;w&nbsp;sprawie swobodnego przep\u0142ywu takich danych oraz&nbsp;uchylenia dyrektywy 95\/46\/WE;<\/em><\/li><li><em>prawo wniesienia skargi do&nbsp;Prezesa Urz\u0119du Ochrony Danych Osobowych. Udost\u0119pnienie danych jest wymogiem ustawowym i&nbsp;stanowi warunek rozpatrzenia lub za\u0142atwienia wniosku.<\/em><\/li><\/ul>\n","protected":false},"excerpt":{"rendered":"<p>Klauzula RODO Administratorem Pani\/Pana danych osobowych jest Generalny Dyrektor Dr\u00f3g Krajowych i&nbsp;Autostrad&nbsp; o&nbsp;danych kontaktowych: Adres do&nbsp;korespondencji: ul Wronia 53, 00-874 Warszawa; Tel.: 22 375 88 88; E-mail:&nbsp;kancelaria@gddkia.gov.pl W&nbsp;sprawach zwi\u0105zanych z&nbsp;przetwarzaniem danych osobowych, mo\u017cna kontaktowa\u0107 si\u0119 z&nbsp;Inspektorem Ochrony Danych, za&nbsp;po\u015brednictwem adresu e-mail:&nbsp;iod@gddkia.gov.pl Dane osobowe b\u0119d\u0105 przetwarzane w&nbsp;celu zebrania danych niezb\u0119dnych do&nbsp;opracowania Studium Techniczno-Ekonomiczno-\u015arodowiskowego z&nbsp;elementami Koncepcji Programowej i&nbsp;Programem Funkcjonalno-U\u017cytkowym wraz z&nbsp;uzyskaniem decyzji o&nbsp;\u015brodowiskowych uwarunkowaniach dla zadania pod&nbsp;nazw\u0105 \u201eBudowa\/rozbudowa autostrady A4 Krzy\u017cowa (bez&nbsp;w\u0119z\u0142a)&hellip;<\/p>\n","protected":false},"author":1,"featured_media":0,"parent":0,"menu_order":0,"comment_status":"closed","ping_status":"closed","template":"","meta":{"footnotes":""},"class_list":["post-2196","page","type-page","status-publish","hentry"],"_links":{"self":[{"href":"http:\/\/dk28nowysacz-ropa.pl\/index.php\/wp-json\/wp\/v2\/pages\/2196","targetHints":{"allow":["GET"]}}],"collection":[{"href":"http:\/\/dk28nowysacz-ropa.pl\/index.php\/wp-json\/wp\/v2\/pages"}],"about":[{"href":"http:\/\/dk28nowysacz-ropa.pl\/index.php\/wp-json\/wp\/v2\/types\/page"}],"author":[{"embeddable":true,"href":"http:\/\/dk28nowysacz-ropa.pl\/index.php\/wp-json\/wp\/v2\/users\/1"}],"replies":[{"embeddable":true,"href":"http:\/\/dk28nowysacz-ropa.pl\/index.php\/wp-json\/wp\/v2\/comments?post=2196"}],"version-history":[{"count":1,"href":"http:\/\/dk28nowysacz-ropa.pl\/index.php\/wp-json\/wp\/v2\/pages\/2196\/revisions"}],"predecessor-version":[{"id":2204,"href":"http:\/\/dk28nowysacz-ropa.pl\/index.php\/wp-json\/wp\/v2\/pages\/2196\/revisions\/2204"}],"wp:attachment":[{"href":"http:\/\/dk28nowysacz-ropa.pl\/index.php\/wp-json\/wp\/v2\/media?parent=2196"}],"curies":[{"name":"wp","href":"https:\/\/api.w.org\/{rel}","templated":true}]}}

<h2 class="wp-block-heading">Klauzula RODO</h2>



<p><em>Administratorem Pani/Pana danych osobowych jest Generalny Dyrektor Dróg Krajowych i&nbsp;Autostrad&nbsp; o&nbsp;danych kontaktowych:</em></p>



<ul class="wp-block-list"><li><em>Adres do&nbsp;korespondencji: ul Wronia 53, 00-874 Warszawa;</em></li><li><em>Tel.: 22 375 88 88;</em></li><li><em>E-mail:&nbsp;</em><a href="mailto:kancelaria@gddkia.gov.pl"><em>kancelaria@gddkia.gov.pl</em></a></li></ul>



<p><em>W&nbsp;sprawach związanych z&nbsp;przetwarzaniem danych osobowych, można kontaktować się z&nbsp;Inspektorem Ochrony Danych, za&nbsp;pośrednictwem adresu e-mail:&nbsp;</em><a href="mailto:iod@gddkia.gov.pl"><em>iod@gddkia.gov.pl</em></a></p>



<p><em>Dane osobowe będą przetwarzane w&nbsp;celu zebrania danych niezbędnych do&nbsp;opracowania Studium Techniczno-Ekonomiczno-Środowiskowego z&nbsp;elementami Koncepcji Programowej i&nbsp;Programem Funkcjonalno-Użytkowym wraz z&nbsp;uzyskaniem decyzji o&nbsp;środowiskowych uwarunkowaniach dla zadania pod&nbsp;nazwą „Budowa/rozbudowa autostrady A4 Krzyżowa (bez&nbsp;węzła) – Legnica Południe (bez&nbsp;węzła)”</em></p>



<p><em>Podstawę prawną przetwarzania danych osobowych stanowi ustawa z&nbsp;dnia 6 września 2001 r. o&nbsp;dostępie do&nbsp;informacji publicznej (Dz.U. z&nbsp;2016 r. poz. 1764 z&nbsp;późn. zm.), ustawa z&nbsp;dnia 14 czerwca 1960 r. Kodeks postępowania administracyjnego (Dz.&nbsp;U. z&nbsp;2017 r. poz. 1257 z&nbsp;późn. zm.), ustawa z&nbsp;dnia 14 lipca 1983 r. o&nbsp;narodowym zasobie archiwalnym i&nbsp;archiwach (Dz.U. z&nbsp;2018 r. poz. 217 z&nbsp;późn. zm.) oraz&nbsp;art. 6 ust. 1 lit. c rozporządzenia Parlamentu Europejskiego i&nbsp;Rady (UE) 2016/679 z&nbsp;dnia 27 kwietnia 2016 r. w&nbsp;sprawie ochrony osób fizycznych w&nbsp;związku z&nbsp;przetwarzaniem danych osobowych i&nbsp;w&nbsp;sprawie swobodnego przepływu takich danych oraz&nbsp;uchylenia dyrektywy 95/46/WE.</em></p>



<p><em>Dane osobowe mogą być ujawnione tylko&nbsp;podmiotom przetwarzającym dane na&nbsp;podstawie zawartych umowy na&nbsp;opracowanie Studium Techniczno-Ekonomiczno-Środowiskowego z&nbsp;elementami Koncepcji Programowej i&nbsp;Programem Funkcjonalno-Użytkowym wraz z&nbsp;uzyskaniem decyzji o&nbsp;środowiskowych uwarunkowaniach dla zadania pod&nbsp;nazwą „Budowa/rozbudowa autostrady A4 Krzyżowa (bez&nbsp;węzła) – Legnica Południe (bez&nbsp;węzła)”</em></p>



<p><em>Dane osobowe będą przechowywane przez&nbsp;okres rozpatrywania sprawy oraz&nbsp;przez&nbsp;okres przewidzianej prawem archiwizacji akt sprawy.</em></p>



<p><em>Osobie, której&nbsp;dotyczą dane osobowe, przysługuje:</em></p>



<ul class="wp-block-list"><li><em>Prawo dostępu do&nbsp;danych, ich sprostowania, usunięcia lub ograniczenia przetwarzania, na&nbsp;warunkach określonych w&nbsp;rozporządzeniu Parlamentu Europejskiego i&nbsp;Rady (UE) 2016/679, z&nbsp;dnia 27 kwietnia 2016 r. w&nbsp;sprawie ochrony osób fizycznych w&nbsp;związku z&nbsp;przetwarzaniem danych osobowych i&nbsp;w&nbsp;sprawie swobodnego przepływu takich danych oraz&nbsp;uchylenia dyrektywy 95/46/WE;</em></li><li><em>prawo wniesienia skargi do&nbsp;Prezesa Urzędu Ochrony Danych Osobowych. Udostępnienie danych jest wymogiem ustawowym i&nbsp;stanowi warunek rozpatrzenia lub załatwienia wniosku.</em></li></ul>

<p>Klauzula RODO Administratorem Pani/Pana danych osobowych jest Generalny Dyrektor Dróg Krajowych i&nbsp;Autostrad&nbsp; o&nbsp;danych kontaktowych: Adres do&nbsp;korespondencji: ul Wronia 53, 00-874 Warszawa; Tel.: 22 375 88 88; E-mail:&nbsp;kancelaria@gddkia.gov.pl W&nbsp;sprawach związanych z&nbsp;przetwarzaniem danych osobowych, można kontaktować się z&nbsp;Inspektorem Ochrony Danych, za&nbsp;pośrednictwem adresu e-mail:&nbsp;iod@gddkia.gov.pl Dane osobowe będą przetwarzane w&nbsp;celu zebrania danych niezbędnych do&nbsp;opracowania Studium Techniczno-Ekonomiczno-Środowiskowego z&nbsp;elementami Koncepcji Programowej i&nbsp;Programem Funkcjonalno-Użytkowym wraz z&nbsp;uzyskaniem decyzji o&nbsp;środowiskowych uwarunkowaniach dla zadania pod&nbsp;nazwą „Budowa/rozbudowa autostrady A4 Krzyżowa (bez&nbsp;węzła)&hellip;</p>
