{"id":1619,"date":"2021-01-01T00:00:00","date_gmt":"2020-12-31T23:00:00","guid":{"rendered":"http:\/\/obwodnicamilicza.pl\/?page_id=25"},"modified":"2021-11-18T13:22:37","modified_gmt":"2021-11-18T12:22:37","slug":"a4s5","status":"publish","type":"page","link":"http:\/\/dk28nowysacz-ropa.pl\/","title":{"rendered":"1 Rozbudowa drogi krajowej nr 28 na odcinku Nowy S\u0105cz \u2013 Ropa"},"content":{"rendered":"\n<section id=\"gm74f85b3\" class=\"wp-block-gutentor-m4 section-gm74f85b3 gutentor-module gutentor-advanced-columns border-container\"><div class=\"grid-container\"><div class=\"grid-row\">\n<div id=\"col-gm28278d\" class=\"wp-block-gutentor-m4-col col-gm28278d gutentor-single-column  grid-lg-2 grid-md-12 grid-12\"><div id=\"section-gm28278d\" class=\"section-gm28278d gutentor-col-wrap\">\n<div id=\"section-gda1ccf\" class=\"wp-block-gutentor-e1 section-gda1ccf gutentor-element gutentor-element-advanced-text text-align-left-desktop\"><div class=\"gutentor-text-wrap\"><p class=\"gutentor-text\"> Aktualno\u015bci<\/p><\/div><\/div>\n\n\n<section class=\"gutentor-section gutentor-blog-post-wrapper blog-template1 wp-block-gutentor-blog-post\" id=\"section-6be327ec-ab97-46ff-9376-358e7252366f\">\n<div class='grid-container'><div class=\"gutentor-block-header\"><\/div><div class='gutentor-grid-item-wrap '><div class='grid-row  gutentor-rm-row-space-d gutentor-rm-row-space-t gutentor-rm-row-space '><article class='gutentor-post-has-thumb  grid-lg-12 grid-md-4 grid-12  gutentor-rm-col-space-d blog-grid'><div class=\"gutentor-single-item\"><div class=\"gutentor-post-content\"><h3 class=\"gutentor-single-item-title\"><a href=\"http:\/\/dk28nowysacz-ropa.pl\/index.php\/2021\/11\/30\/spotkanie-informacyjne\/\" rel=\"bookmark\">Spotkanie informacyjne<\/a><\/h3><div class=\"entry-meta\"><div class=\"posted-on\"><i class=\"far fa-calendar-alt\"><\/i><a href=\"http:\/\/dk28nowysacz-ropa.pl\/index.php\/2021\/11\/30\/spotkanie-informacyjne\/\" rel=\"bookmark\">wtorek, 30\/11\/2021<\/a><\/div><\/div><a class=\"gutentor-button gutentor-single-item-button gutentor-icon-hide\" href=\"http:\/\/dk28nowysacz-ropa.pl\/index.php\/2021\/11\/30\/spotkanie-informacyjne\/\"><i class=\"gutentor-button-icon fa fa-angle-double-right\"><\/i><span><\/span><\/a><\/div><\/div><\/article><article class='gutentor-post-has-thumb  grid-lg-12 grid-md-4 grid-12  gutentor-rm-col-space-d blog-grid'><div class=\"gutentor-single-item\"><div class=\"gutentor-post-content\"><h3 class=\"gutentor-single-item-title\"><a href=\"http:\/\/dk28nowysacz-ropa.pl\/index.php\/2021\/01\/25\/rozpoczecie-prac-projektowych\/\" rel=\"bookmark\">Rozpocz\u0119cie prac projektowych<\/a><\/h3><div class=\"entry-meta\"><div class=\"posted-on\"><i class=\"far fa-calendar-alt\"><\/i><a href=\"http:\/\/dk28nowysacz-ropa.pl\/index.php\/2021\/01\/25\/rozpoczecie-prac-projektowych\/\" rel=\"bookmark\">poniedzia\u0142ek, 25\/01\/2021<\/a><\/div><\/div><a class=\"gutentor-button gutentor-single-item-button gutentor-icon-hide\" href=\"http:\/\/dk28nowysacz-ropa.pl\/index.php\/2021\/01\/25\/rozpoczecie-prac-projektowych\/\"><i class=\"gutentor-button-icon fa fa-angle-double-right\"><\/i><span><\/span><\/a><\/div><\/div><\/article><article class='gutentor-post-has-thumb  grid-lg-12 grid-md-4 grid-12  gutentor-rm-col-space-d blog-grid'><div class=\"gutentor-single-item\"><div class=\"gutentor-post-content\"><h3 class=\"gutentor-single-item-title\"><a href=\"http:\/\/dk28nowysacz-ropa.pl\/index.php\/2021\/01\/22\/witaj-swiecie\/\" rel=\"bookmark\">Podpisanie Umowy<\/a><\/h3><div class=\"entry-meta\"><div class=\"posted-on\"><i class=\"far fa-calendar-alt\"><\/i><a href=\"http:\/\/dk28nowysacz-ropa.pl\/index.php\/2021\/01\/22\/witaj-swiecie\/\" rel=\"bookmark\">pi\u0105tek, 22\/01\/2021<\/a><\/div><\/div><a class=\"gutentor-button gutentor-single-item-button gutentor-icon-hide\" href=\"http:\/\/dk28nowysacz-ropa.pl\/index.php\/2021\/01\/22\/witaj-swiecie\/\"><i class=\"gutentor-button-icon fa fa-angle-double-right\"><\/i><span><\/span><\/a><\/div><\/div><\/article><\/div><\/div><\/div><\/section><\/div><\/div>\n\n\n\n<div id=\"col-gmc18d2b\" class=\"wp-block-gutentor-m4-col col-gmc18d2b gutentor-single-column  grid-lg-10 grid-md-12 grid-12\"><div id=\"section-gmc18d2b\" class=\"section-gmc18d2b gutentor-col-wrap\">\n<div id=\"section-gca91ad\" class=\"wp-block-gutentor-e1 section-gca91ad gutentor-element gutentor-element-advanced-text text-align-center-desktop\"><div class=\"gutentor-text-wrap\"><h3 class=\"gutentor-text\"><br><strong><span style=\"color:#f88c00\" class=\"has-inline-color\">\/<\/span>NAZWA KONTRAKTU<\/strong><\/h3><\/div><\/div>\n\n\n\n<p class=\"has-text-align-left has-normal-font-size\"><img decoding=\"async\" class=\"wp-image-3281\" style=\"width: 81px\" src=\"https:\/\/a4-s5-stesr.pl\/wp-content\/uploads\/2021\/08\/quote_up.png\" alt=\"\"><\/p>\n\n\n\n<div id=\"section-g5dfa9c\" class=\"wp-block-gutentor-e1 section-g5dfa9c gutentor-element gutentor-element-advanced-text text-align-center-desktop\"><div class=\"gutentor-text-wrap\"><p class=\"gutentor-text\"><span class=\"has-inline-color has-black-color\">Opracowanie kompleksowej dokumentacji projektowej dla zadania \u201eRozbudowa drogi krajowej nr 28 na odcinku Nowy S\u0105cz \u2013 Ropa\u201d wraz z uzyskaniem decyzji administracyjnych i sprawowaniem nadzoru autorskiego.<\/span><\/p><\/div><\/div>\n\n\n\n<p class=\"has-drop-cap has-text-align-right has-normal-font-size\"><img decoding=\"async\" class=\"wp-image-3280\" style=\"width: 81px\" src=\"https:\/\/a4-s5-stesr.pl\/wp-content\/uploads\/2021\/08\/quote_down.png\" alt=\"\"><\/p>\n\n\n\n<p>Niniejsza strona przygotowana zosta\u0142a dla tematu:<\/p>\n\n\n\n<h4 class=\"wp-block-heading\">&#8222;Rozbudowa drogi krajowej nr 28 na odcinku Nowy S\u0105cz \u2013 Ropa&#8221;<\/h4>\n\n\n\n<p><strong>Przedmiot inwestycji:<\/strong><\/p>\n\n\n\n<p>IVIA S.A. na zlecenie Skarbu Pa\u0144stwa \u2013 Generalnej Dyrekcji Dr\u00f3g Krajowych i Autostrad reprezentowan\u0105 przez Oddzia\u0142 w Krakowie opracowuje kompleksow\u0105 dokumentacj\u0119 projektow\u0105 dla zadania \u201eRozbudowa drogi krajowej nr 28 na odcinku Nowy S\u0105cz \u2013 Ropa\u201d wraz z uzyskaniem decyzji administracyjnych i sprawowaniem nadzoru autorskiego.<\/p>\n\n\n\n<p>Zakres prac projektowanych obejmuje:<\/p>\n\n\n\n<div id=\"section-gc51bf4\" class=\"wp-block-gutentor-e7 section-gc51bf4 gutentor-element gutentor-element-list\"><ul class=\"grid-row gutentor-grid-item-wrap list-indicator-icon\"><li class=\"gutentor-list-item grid-lg-12 grid-md-12 grid-12\"><span class=\"gutentor-single-item gutentor-single-item-0\"><span class=\"gutentor-list-item-wrap g-s-list-wrap\"><span class=\"gutentor-single-list-item-icon\"><i class=\"list-item-icon fas fa-angle-right\"><\/i><\/span><span class=\"gutentor-list-item\"><p class=\"gutentor-single-item-title\">Opracowania geodezyjno-kartograficzne;<\/p><\/span><\/span><\/span><\/li><li class=\"gutentor-list-item grid-lg-12 grid-md-12 grid-12\"><span class=\"gutentor-single-item gutentor-single-item-1\"><span class=\"gutentor-list-item-wrap g-s-list-wrap\"><span class=\"gutentor-single-list-item-icon\"><i class=\"list-item-icon fas fa-angle-right\"><\/i><\/span><span class=\"gutentor-list-item\"><p class=\"gutentor-single-item-title\">Wielowariantow\u0105 Koncepcj\u0119 Programow\u0105 (KP);<\/p><\/span><\/span><\/span><\/li><li class=\"gutentor-list-item grid-lg-12 grid-md-12 grid-12\"><span class=\"gutentor-single-item gutentor-single-item-2\"><span class=\"gutentor-list-item-wrap g-s-list-wrap\"><span class=\"gutentor-single-list-item-icon\"><i class=\"list-item-icon fas fa-angle-right\"><\/i><\/span><span class=\"gutentor-list-item\"><p class=\"gutentor-single-item-title\">Opracowania \u015brodowiskowe, w tym uzyskanie decyzji o \u015brodowiskowych uwarunkowaniach;<\/p><\/span><\/span><\/span><\/li><li class=\"gutentor-list-item grid-lg-12 grid-md-12 grid-12\"><span class=\"gutentor-single-item gutentor-single-item-3\"><span class=\"gutentor-list-item-wrap g-s-list-wrap\"><span class=\"gutentor-single-list-item-icon\"><i class=\"list-item-icon fas fa-angle-right\"><\/i><\/span><span class=\"gutentor-list-item\"><p class=\"gutentor-single-item-title\">Opracowania geotechniczne i geologiczne;<\/p><\/span><\/span><\/span><\/li><li class=\"gutentor-list-item grid-lg-12 grid-md-12 grid-12\"><span class=\"gutentor-single-item gutentor-single-item-4\"><span class=\"gutentor-list-item-wrap g-s-list-wrap\"><span class=\"gutentor-single-list-item-icon\"><i class=\"list-item-icon fas fa-angle-right\"><\/i><\/span><span class=\"gutentor-list-item\"><p class=\"gutentor-single-item-title\">Wielobran\u017cowy projekt budowlany (PB);<\/p><\/span><\/span><\/span><\/li><li class=\"gutentor-list-item grid-lg-12 grid-md-12 grid-12\"><span class=\"gutentor-single-item gutentor-single-item-5\"><span class=\"gutentor-list-item-wrap g-s-list-wrap\"><span class=\"gutentor-single-list-item-icon\"><i class=\"list-item-icon fas fa-angle-right\"><\/i><\/span><span class=\"gutentor-list-item\"><p class=\"gutentor-single-item-title\">Uzyskanie decyzji zgody na realizacj\u0119 inwestycji drogowej (ZRID);<\/p><\/span><\/span><\/span><\/li><li class=\"gutentor-list-item grid-lg-12 grid-md-12 grid-12\"><span class=\"gutentor-single-item gutentor-single-item-6\"><span class=\"gutentor-list-item-wrap g-s-list-wrap\"><span class=\"gutentor-single-list-item-icon\"><i class=\"list-item-icon fas fa-angle-right\"><\/i><\/span><span class=\"gutentor-list-item\"><p class=\"gutentor-single-item-title\">Wykonanie projekt\u00f3w wykonawczych (PW);<\/p><\/span><\/span><\/span><\/li><li class=\"gutentor-list-item grid-lg-12 grid-md-12 grid-12\"><span class=\"gutentor-single-item gutentor-single-item-7\"><span class=\"gutentor-list-item-wrap g-s-list-wrap\"><span class=\"gutentor-single-list-item-icon\"><i class=\"list-item-icon fas fa-angle-right\"><\/i><\/span><span class=\"gutentor-list-item\"><p class=\"gutentor-single-item-title\">Wykonanie Dokumentacji Przetargowej (DP) do og\u0142oszenia przetargu na realizacj\u0119 inwestycji w terenie.<\/p><\/span><\/span><\/span><\/li><\/ul><\/div>\n\n\n\n<p>\u201eRozbudowa drogi krajowej nr 28 na odcinku Nowy S\u0105cz \u2013 Ropa\u201d (odc. od km 142+070-166+286)<\/p>\n\n\n\n<p>Inwestycja zlokalizowana jest w wojew\u00f3dztwie ma\u0142opolskim na terenie powiatu nowos\u0105deckiego i gorlickiego, w gminach: Che\u0142miec, Kamionka Wielka, Gryb\u00f3w i Ropa.<\/p>\n\n\n\n<p>D\u0142ugo\u015b\u0107 odcinka ok. 24,21 km.<\/p>\n\n\n\n<p><strong>Cel i zak\u0142adany efekt zadania inwestycyjnego:<\/strong><\/p>\n\n\n\n<div id=\"section-g837afe\" class=\"wp-block-gutentor-e7 section-g837afe gutentor-element gutentor-element-list\"><ul class=\"grid-row gutentor-grid-item-wrap list-indicator-icon\"><li class=\"gutentor-list-item grid-lg-12 grid-md-12 grid-12\"><span class=\"gutentor-single-item gutentor-single-item-0\"><span class=\"gutentor-list-item-wrap g-s-list-wrap\"><span class=\"gutentor-single-list-item-icon\"><i class=\"list-item-icon fas fa-angle-right\"><\/i><\/span><span class=\"gutentor-list-item\"><p class=\"gutentor-single-item-title\">Podniesienie parametr\u00f3w no\u015bno\u015bci drogi;<\/p><\/span><\/span><\/span><\/li><li class=\"gutentor-list-item grid-lg-12 grid-md-12 grid-12\"><span class=\"gutentor-single-item gutentor-single-item-1\"><span class=\"gutentor-list-item-wrap g-s-list-wrap\"><span class=\"gutentor-single-list-item-icon\"><i class=\"list-item-icon fas fa-angle-right\"><\/i><\/span><span class=\"gutentor-list-item\"><p class=\"gutentor-single-item-title\">Poprawa warunk\u00f3w ruchu na drodze;<\/p><\/span><\/span><\/span><\/li><li class=\"gutentor-list-item grid-lg-12 grid-md-12 grid-12\"><span class=\"gutentor-single-item gutentor-single-item-2\"><span class=\"gutentor-list-item-wrap g-s-list-wrap\"><span class=\"gutentor-single-list-item-icon\"><i class=\"list-item-icon fas fa-angle-right\"><\/i><\/span><span class=\"gutentor-list-item\"><p class=\"gutentor-single-item-title\">Poprawa bezpiecze\u0144stwa pieszych i uczestnik\u00f3w ruchu drogowego;<\/p><\/span><\/span><\/span><\/li><li class=\"gutentor-list-item grid-lg-12 grid-md-12 grid-12\"><span class=\"gutentor-single-item gutentor-single-item-3\"><span class=\"gutentor-list-item-wrap g-s-list-wrap\"><span class=\"gutentor-single-list-item-icon\"><i class=\"list-item-icon fas fa-angle-right\"><\/i><\/span><span class=\"gutentor-list-item\"><p class=\"gutentor-single-item-title\">Usprawnienie po\u0142\u0105cze\u0144 komunikacyjnych poprzez rozbudow\u0119 i przebudow\u0119 skrzy\u017cowa\u0144 z drogami publicznymi;<\/p><\/span><\/span><\/span><\/li><li class=\"gutentor-list-item grid-lg-12 grid-md-12 grid-12\"><span class=\"gutentor-single-item gutentor-single-item-4\"><span class=\"gutentor-list-item-wrap g-s-list-wrap\"><span class=\"gutentor-single-list-item-icon\"><i class=\"list-item-icon fas fa-angle-right\"><\/i><\/span><span class=\"gutentor-list-item\"><p class=\"gutentor-single-item-title\">Zmniejszenie oddzia\u0142ywania drogi krajowej na \u015brodowisko.<\/p><\/span><\/span><\/span><\/li><\/ul><\/div>\n\n\n\n<p><\/p>\n<\/div><\/div>\n<\/div><\/div><\/section>\n\n\n\n<section id=\"section-187301b1-65c0-4c08-9f5f-2aac764619f5\" class=\"wp-block-gutentor-divider section-187301b1-65c0-4c08-9f5f-2aac764619f5 gutentor-element gutentor-section gutentor-divider text-center\"><div class=\"grid-container\"><div class=\"gutentor-divider-box\"><span class=\"gutentor-divider-separator\"><\/span><\/div><\/div><\/section>\n\n\n\n<section id=\"section-dcb59528-d787-4c2b-8eb2-111623569210\" class=\"wp-block-gutentor-divider section-dcb59528-d787-4c2b-8eb2-111623569210 gutentor-element gutentor-section gutentor-divider text-center\"><div class=\"grid-container\"><div class=\"gutentor-divider-box\"><span class=\"gutentor-divider-separator\"><\/span><\/div><\/div><\/section>\n\n\n\n<section id=\"gm2c5a7d4\" class=\"wp-block-gutentor-m4 section-gm2c5a7d4 gutentor-module gutentor-advanced-columns gutentor-equal-column-height gutentor-enable-sticky-column\" data-top=\"500\" data-bottom=\"500\"><div class=\"grid-container\"><div class=\"grid-row\">\n<div id=\"col-gmd3434f\" class=\"wp-block-gutentor-m4-col col-gmd3434f gutentor-single-column  grid-lg-12 grid-md-12 grid-12\"><div id=\"section-gmd3434f\" class=\"section-gmd3434f gutentor-col-wrap\"><div id=\"tablepress-6-scroll-wrapper\" class=\"tablepress-scroll-wrapper\">\n\n<table id=\"tablepress-6\" class=\"tablepress tablepress-id-6 tablepress-responsive\">\n<tbody>\n<tr class=\"row-1\">\n\t<td class=\"column-1\"><img loading=\"lazy\" decoding=\"async\" src=\"http:\/\/dk28nowysacz-ropa.pl\/wp-content\/uploads\/2021\/09\/GDDKiA_Krakow.png\" alt=\"\" width=\"250\" height=\"58\" class=\"alignnone size-medium wp-image-1031\" \/><\/td><td class=\"column-2\"><img loading=\"lazy\" decoding=\"async\" src=\"http:\/\/dk28nowysacz-ropa.pl\/wp-content\/uploads\/2021\/07\/logo-ivia-300x132-1.jpg\" alt=\"\" width=\"200\" height=\"132\" class=\"alignnone size-medium wp-image-1034\" \/><\/td><td class=\"column-3\"><img loading=\"lazy\" decoding=\"async\" src=\"http:\/\/dk28nowysacz-ropa.pl\/wp-content\/uploads\/2021\/07\/LogotypMIpion-300x75-1.jpg\" alt=\"\" width=\"200\" height=\"75\" class=\"alignnone size-medium wp-image-1036\" \/><\/td>\n<\/tr>\n<tr class=\"row-2\">\n\t<td class=\"column-1\"><strong><or style=\"color:#f88c00\">\/<\/or>ZAMAWIAJ\u0104CY<\/strong><\/td><td class=\"column-2\"><strong><or style=\"color:#f88c00\">\/<\/or>WYKONAWCA<\/strong><\/td><td class=\"column-3\"><strong><or style=\"color:#f88c00\">\/<\/or>INSTYTUCJA ZAANGA\u017bOWANA<\/strong><\/td>\n<\/tr>\n<tr class=\"row-3\">\n\t<td class=\"column-1\">Generalny Dyrektor Dr\u00f3g<br \/>\nKrajowych i Autostrad<br \/>\nOddzia\u0142 w Krakowie<\/td><td class=\"column-2\">IVIA. S.A.<\/td><td class=\"column-3\">Ministerstwo Infrastruktury<\/td>\n<\/tr>\n<tr class=\"row-4\">\n\t<td class=\"column-1\"><a style=\"color:#f88c00\" href=\"http:\/\/www.gddkia.gov.pl\" rel=\"noopener\" target=\"_blank\">gddkia.gov.pl<\/a><\/td><td class=\"column-2\"><a style=\"color:#f88c00\" href=\"http:\/\/www.ivia.pl\" rel=\"noopener\" target=\"_blank\">ivia.pl<\/a><\/td><td class=\"column-3\"><a style=\"color:#f88c00\" href=\"http:\/\/www.mi.gov.pl\" rel=\"noopener\" target=\"_blank\">mi.gov.pl<\/a><\/td>\n<\/tr>\n<\/tbody>\n<\/table>\n\n<\/div><!-- #tablepress-6 from cache -->\n<\/div><\/div>\n<\/div><\/div><\/section>\n","protected":false},"excerpt":{"rendered":"","protected":false},"author":1,"featured_media":0,"parent":0,"menu_order":0,"comment_status":"closed","ping_status":"closed","template":"template-gutentor-full-width.php","meta":{"footnotes":""},"class_list":["post-1619","page","type-page","status-publish","hentry"],"_links":{"self":[{"href":"http:\/\/dk28nowysacz-ropa.pl\/index.php\/wp-json\/wp\/v2\/pages\/1619","targetHints":{"allow":["GET"]}}],"collection":[{"href":"http:\/\/dk28nowysacz-ropa.pl\/index.php\/wp-json\/wp\/v2\/pages"}],"about":[{"href":"http:\/\/dk28nowysacz-ropa.pl\/index.php\/wp-json\/wp\/v2\/types\/page"}],"author":[{"embeddable":true,"href":"http:\/\/dk28nowysacz-ropa.pl\/index.php\/wp-json\/wp\/v2\/users\/1"}],"replies":[{"embeddable":true,"href":"http:\/\/dk28nowysacz-ropa.pl\/index.php\/wp-json\/wp\/v2\/comments?post=1619"}],"version-history":[{"count":74,"href":"http:\/\/dk28nowysacz-ropa.pl\/index.php\/wp-json\/wp\/v2\/pages\/1619\/revisions"}],"predecessor-version":[{"id":2398,"href":"http:\/\/dk28nowysacz-ropa.pl\/index.php\/wp-json\/wp\/v2\/pages\/1619\/revisions\/2398"}],"wp:attachment":[{"href":"http:\/\/dk28nowysacz-ropa.pl\/index.php\/wp-json\/wp\/v2\/media?parent=1619"}],"curies":[{"name":"wp","href":"https:\/\/api.w.org\/{rel}","templated":true}]}}